{"id":28,"date":"2015-11-26T13:45:16","date_gmt":"2015-11-26T12:45:16","guid":{"rendered":"http:\/\/www.it-gymnasium.at\/elternvereinsseite\/?page_id=28"},"modified":"2020-09-10T20:28:54","modified_gmt":"2020-09-10T18:28:54","slug":"sga-aufgaben","status":"publish","type":"page","link":"https:\/\/www.it-gymnasium.at\/elternvereinsseite\/sga-ausschuss\/sga-aufgaben\/","title":{"rendered":"SGA &#8211; Aufgaben"},"content":{"rendered":"<h3>Dem Schulgemeinschaftsausschuss obliegen:<\/h3>\n<h4>die Entscheidung \u00fcber<\/h4>\n<ul>\n<li>die Planung von mehrt\u00e4gigen Schulveranstaltungen (bez\u00fcglich Kosten)<\/li>\n<li>schulbezogene Veranstaltungen (z.B.: sportliche Wettk\u00e4mpfe, Theaterfahrten), das sind Veranstaltungen, die auf einem lehrplanm\u00e4\u00dfigen Unterricht aufbauen und au\u00dferhalb der Schulzeit stattfinden<\/li>\n<li>die Durchf\u00fchrung und Terminfestlegung von Elternsprechtagen<\/li>\n<li>die Hausordnung<\/li>\n<li>die Bewilligung zur Durchf\u00fchrung von Sammlungen<\/li>\n<li>die Bewilligung zur Organisierung der Teilnahme von Sch\u00fclern an Veranstaltungen, die nicht Schulveranstaltungen oder schulbezogene Veranstaltungen sind<\/li>\n<li>die Durchf\u00fchrung von Veranstaltungen der Schulbahnberatung<\/li>\n<li>die Durchf\u00fchrung von Veranstaltungen betreffend die Schulgesundheitspflege<\/li>\n<li>Vorhaben, die der Mitgestaltung des Schullebens dienen<\/li>\n<li>die Erlassung schulautonomer Lehrplanbestimmungen<\/li>\n<li>die schulautonome Festlegung von Er\u00f6ffnungs- und Teilungszahlen<\/li>\n<li>schulautonome Schulzeitregelungen (z.B. 5-Tage-Woche, schulautonome Tage)<\/li>\n<\/ul>\n<h4>\u00a0die Beratung \u00fcber<\/h4>\n<ul>\n<li>wichtige Fragen des Unterrichts<\/li>\n<li>wichtige Fragen der Erziehung<\/li>\n<li>Fragen der Planung von Schulveranstaltungen<\/li>\n<li>die Wahl von Unterrichtsmitteln<\/li>\n<li>die Verwendung von der Schule zur Verwaltung \u00fcbertragenen Budgetmitteln<\/li>\n<li>Bauma\u00dfnahmen im Bereich der Schule<\/li>\n<\/ul>\n<p>&nbsp;<\/p>\n","protected":false},"excerpt":{"rendered":"<p>Dem Schulgemeinschaftsausschuss obliegen: die Entscheidung \u00fcber die Planung von mehrt\u00e4gigen Schulveranstaltungen (bez\u00fcglich Kosten) schulbezogene Veranstaltungen (z.B.: sportliche Wettk\u00e4mpfe, Theaterfahrten), das sind Veranstaltungen, die auf einem lehrplanm\u00e4\u00dfigen Unterricht aufbauen und au\u00dferhalb der Schulzeit stattfinden die Durchf\u00fchrung und Terminfestlegung von Elternsprechtagen die Hausordnung die Bewilligung zur Durchf\u00fchrung&#8230;<\/p>\n","protected":false},"author":1,"featured_media":0,"parent":26,"menu_order":0,"comment_status":"closed","ping_status":"closed","template":"","meta":{"episode_type":"","audio_file":"","cover_image":"","cover_image_id":"","duration":"","filesize":"","date_recorded":"","explicit":"","block":"","itunes_episode_number":"","itunes_title":"","itunes_season_number":"","itunes_episode_type":"","filesize_raw":"","footnotes":""},"class_list":["post-28","page","type-page","status-publish","hentry"],"_links":{"self":[{"href":"https:\/\/www.it-gymnasium.at\/elternvereinsseite\/wp-json\/wp\/v2\/pages\/28","targetHints":{"allow":["GET"]}}],"collection":[{"href":"https:\/\/www.it-gymnasium.at\/elternvereinsseite\/wp-json\/wp\/v2\/pages"}],"about":[{"href":"https:\/\/www.it-gymnasium.at\/elternvereinsseite\/wp-json\/wp\/v2\/types\/page"}],"author":[{"embeddable":true,"href":"https:\/\/www.it-gymnasium.at\/elternvereinsseite\/wp-json\/wp\/v2\/users\/1"}],"replies":[{"embeddable":true,"href":"https:\/\/www.it-gymnasium.at\/elternvereinsseite\/wp-json\/wp\/v2\/comments?post=28"}],"version-history":[{"count":2,"href":"https:\/\/www.it-gymnasium.at\/elternvereinsseite\/wp-json\/wp\/v2\/pages\/28\/revisions"}],"predecessor-version":[{"id":18503,"href":"https:\/\/www.it-gymnasium.at\/elternvereinsseite\/wp-json\/wp\/v2\/pages\/28\/revisions\/18503"}],"up":[{"embeddable":true,"href":"https:\/\/www.it-gymnasium.at\/elternvereinsseite\/wp-json\/wp\/v2\/pages\/26"}],"wp:attachment":[{"href":"https:\/\/www.it-gymnasium.at\/elternvereinsseite\/wp-json\/wp\/v2\/media?parent=28"}],"curies":[{"name":"wp","href":"https:\/\/api.w.org\/{rel}","templated":true}]}}