{"id":38,"date":"2015-12-10T13:50:04","date_gmt":"2015-12-10T12:50:04","guid":{"rendered":"http:\/\/www.it-gymnasium.at\/abendschule\/?page_id=38"},"modified":"2024-02-24T14:48:38","modified_gmt":"2024-02-24T13:48:38","slug":"aufnahme","status":"publish","type":"page","link":"https:\/\/www.it-gymnasium.at\/abendschule\/aufnahme\/","title":{"rendered":"Aufnahme"},"content":{"rendered":"<div class=\"csc-header csc-header-n1\">\n<h1 class=\"csc-firstHeader\">Aufnahme<\/h1>\n<\/div>\n<p><!-- Header: [end] --> <!-- Text: [begin] --><\/p>\n<p>&nbsp;<\/p>\n<h4 class=\"bodytext\"><strong>Voraussetzungen<\/strong><\/h4>\n<ul>\n<li>Erf\u00fcllung der gesetzlichen Schulpflicht<\/li>\n<li>Mindestalter: 17 Jahre (das 17. Lebensjahr muss im Kalenderjahr der Aufnahme vollendet werden)<\/li>\n<\/ul>\n<p>&nbsp;<\/p>\n<h4><strong>Ablauf der Aufnahme<\/strong><\/h4>\n<ul>\n<li class=\"bodytext\">Im Normalfall findet die Aufnahme in das erste Semester statt.<\/li>\n<li class=\"bodytext\">Eine Aufnahmepr\u00fcfung ist nicht notwendig.<\/li>\n<li class=\"bodytext\">Wer \u00fcber mehr Vorkenntnisse verf\u00fcgt, kann mit einer Einstufung in ein h\u00f6heres Semester einsteigen.<\/li>\n<li class=\"bodytext\">Der Eintritt in ein h\u00f6heres Semester ist m\u00f6glich, wenn jemand Klassen der Oberstufe einer AHS\/BHS besucht hat.<\/li>\n<li class=\"bodytext\">Die Einstufung in ein h\u00f6heres Semester wird von der Direktion bzw. der Studienkoordination vorgenommen.<\/li>\n<\/ul>\n<p>&nbsp;<\/p>\n<h4 class=\"bodytext\"><strong>F\u00fcr die Anmeldung sind folgende Unterlagen mitzubringen:<\/strong><\/h4>\n<ul>\n<li>Reisepass oder Personalausweis<\/li>\n<li>Zeugnis 8. Schulstufe (f\u00fcr 1. Semester)<\/li>\n<li>alle Zeugnisse der Oberstufe (f\u00fcr h\u00f6here Semester)<\/li>\n<\/ul>\n<p>&nbsp;<\/p>\n<h4><strong>Studium<\/strong><\/h4>\n<ul>\n<li class=\"bodytext\">Das Studium dauert in der Regel acht Semester, kann aber durch Einstieg in ein h\u00f6heres Semester verk\u00fcrzt werden.<\/li>\n<li class=\"bodytext\">Das Semester beginnt jeweils im September und Februar (nur Einstieg in h\u00f6here Semester).<\/li>\n<\/ul>\n","protected":false},"excerpt":{"rendered":"<p>Aufnahme &nbsp; Voraussetzungen Erf\u00fcllung der gesetzlichen Schulpflicht Mindestalter: 17 Jahre (das 17. Lebensjahr muss im Kalenderjahr der Aufnahme vollendet werden) &nbsp; Ablauf der Aufnahme Im Normalfall findet die Aufnahme in das erste Semester statt. Eine Aufnahmepr\u00fcfung ist nicht notwendig. Wer \u00fcber mehr Vorkenntnisse verf\u00fcgt, kann&#8230;<\/p>\n","protected":false},"author":1,"featured_media":0,"parent":0,"menu_order":0,"comment_status":"closed","ping_status":"closed","template":"","meta":{"episode_type":"","audio_file":"","cover_image":"","cover_image_id":"","duration":"","filesize":"","date_recorded":"","explicit":"","block":"","itunes_episode_number":"","itunes_title":"","itunes_season_number":"","itunes_episode_type":"","filesize_raw":"","footnotes":""},"class_list":["post-38","page","type-page","status-publish","hentry"],"_links":{"self":[{"href":"https:\/\/www.it-gymnasium.at\/abendschule\/wp-json\/wp\/v2\/pages\/38","targetHints":{"allow":["GET"]}}],"collection":[{"href":"https:\/\/www.it-gymnasium.at\/abendschule\/wp-json\/wp\/v2\/pages"}],"about":[{"href":"https:\/\/www.it-gymnasium.at\/abendschule\/wp-json\/wp\/v2\/types\/page"}],"author":[{"embeddable":true,"href":"https:\/\/www.it-gymnasium.at\/abendschule\/wp-json\/wp\/v2\/users\/1"}],"replies":[{"embeddable":true,"href":"https:\/\/www.it-gymnasium.at\/abendschule\/wp-json\/wp\/v2\/comments?post=38"}],"version-history":[{"count":15,"href":"https:\/\/www.it-gymnasium.at\/abendschule\/wp-json\/wp\/v2\/pages\/38\/revisions"}],"predecessor-version":[{"id":1010,"href":"https:\/\/www.it-gymnasium.at\/abendschule\/wp-json\/wp\/v2\/pages\/38\/revisions\/1010"}],"wp:attachment":[{"href":"https:\/\/www.it-gymnasium.at\/abendschule\/wp-json\/wp\/v2\/media?parent=38"}],"curies":[{"name":"wp","href":"https:\/\/api.w.org\/{rel}","templated":true}]}}